the prime factors of 7720.
2, 5, 193
What are the prime factors of 1832?
2, 229
What are the prime factors of 43141?
7, 6163
List the prime factors of 109546.
2, 54773
List the prime factors of 14656.
2, 229
List the prime factors of 8821.
8821
What are the prime factors of 744?
2, 3, 31
List the prime factors of 99899.
283, 353
What are the prime factors of 4190?
2, 5, 419
What are the prime factors of 10285?
5, 11, 17
List the prime factors of 33.
3, 11
What are the prime factors of 701?
701
What are the prime factors of 224?
2, 7
What are the prime factors of 4681?
31, 151
What are the prime factors of 6792?
2, 3, 283
What are the prime factors of 3569?
43, 83
List the prime factors of 1099.
7, 157
List the prime factors of 1170.
2, 3, 5, 13
List the prime factors of 23171.
17, 29, 47
What are the prime factors of 64542?
2, 3, 31, 347
What are the prime factors of 32028?
2, 3, 17, 157
What are the prime factors of 1093?
1093
What are the prime factors of 6780?
2, 3, 5, 113
What are the prime factors of 20569?
67, 307
What are the prime factors of 48829?
11, 23, 193
List the prime factors of 10075.
5, 13, 31
What are the prime factors of 5909?
19, 311
What are the prime factors of 182?
2, 7, 13
List the prime factors of 41863.
41863
What are the prime factors of 1112?
2, 139
What are the prime factors of 981?
3, 109
List the prime factors of 12551.
7, 11, 163
List the prime factors of 41330.
2, 5, 4133
What are the prime factors of 59676?
2, 3, 4973
List the prime factors of 1252.
2, 313
What are the prime factors of 1794?
2, 3, 13, 23
List the prime factors of 2020.
2, 5, 101
What are the prime factors of 2152?
2, 269
List the prime factors of 49.
7
What are the prime factors of 704?
2, 11
List the prime factors of 1121.
19, 59
List the prime factors of 910.
2, 5, 7, 13
What are the prime factors of 891?
3, 11
List the prime factors of 1915.
5, 383
What are the prime factors of 42109?
17, 2477
List the prime factors of 7872.
2, 3, 41
List the prime factors of 72616.
2, 29, 313
List the prime factors of 4079.
4079
List the prime factors of 2600.
2, 5, 13
What are the prime factors of 58157?
11, 17, 311
List the prime factors of 6693.
3, 23, 97
What are the prime factors of 10736?
2, 11, 61
What are the prime factors of 6578?
2, 11, 13, 23
List the prime factors of 21148.
2, 17, 311
What are the prime factors of 10484?
2, 2621
List the prime factors of 31221.
3, 3469
What are the prime factors of 994?
2, 7, 71
List the prime factors of 7284.
2, 3, 607
List the prime factors of 3494.
2, 1747
What are the prime factors of 578?
2, 17
What are the prime factors of 1015?
5, 7, 29
What are the prime factors of 52260?
2, 3, 5, 13, 67
What are the prime factors of 11298?
2, 3, 7, 269
List the prime factors of 31.
31
What are the prime factors of 67506?
2, 3, 11251
What are the prime factors of 125189?
23, 5443
What are the prime factors of 246?
2, 3, 41
What are the prime factors of 3161?
29, 109
What are the prime factors of 1024?
2
List the prime factors of 1363.
29, 47
What are the prime factors of 10309?
13, 61
What are the prime factors of 1829?
31, 59
What are the prime factors of 1259?
1259
List the prime factors of 16518.
2, 3, 2753
List the prime factors of 274.
2, 137
What are the prime factors of 3297?
3, 7, 157
List the prime factors of 1454.
2, 727
What are the prime factors of 55395?
3, 5, 1231
List the prime factors of 44096.
2, 13, 53
List the prime factors of 3294.
2, 3, 61
List the prime factors of 90953.
19, 4787
List the prime factors of 6339.
3, 2113
What are the prime factors of 3993?
3, 11
List the prime factors of 7949.
7949
List the prime factors of 46761.
3, 11, 13, 109
What are the prime factors of 4799?
4799
What are the prime factors of 9189?
3, 1021
List the prime factors of 67.
67
List the prime factors of 4773.
3, 37, 43
List the prime factors of 5485.
5, 1097
List the prime factors of 22215.
3, 5, 1481
List the prime factors of 5216.
2, 163
What are the prime factors of 10201?
101
List the prime factors of 659.
659
What are the prime factors of 119774?
2, 59887
List the prime factors of 1467.
3, 163
What are the prime factors of 92444?
2, 11, 191
List the prime factors of 7090.
2, 5, 709
List the prime factors of 551.
19, 29
What are the prime factors of 77712?
2, 3, 1619
What are the prime factors of 1932?
2, 3, 7, 23
List the prime factors of 1551.
3, 11, 47
What are the prime factors of 1796?
2, 449
List the prime factors of 19232.
2, 601
What are the prime factors of 5610?
2, 3, 5, 11, 17
List the prime factors of 25824.
2, 3, 269
List the prime factors of 62.
2, 31
What are the prime factors of 4496?
2, 281
List the prime factors of 7464.
2, 3, 311
List the prime factors of 3000.
2, 3, 5
List the prime factors of 8633.
89, 97
List the prime factors of 8846.
2, 4423
List the prime factors of 15886.
2, 13, 47
List the prime factors of 353.
353
List the prime factors of 11403.
3, 7, 181
List the prime factors of 1100.
2, 5, 11
List the prime factors of 7442.
2, 61
List the prime factors of 465.
3, 5, 31
List the prime factors of 2051.
7, 293
What are the prime factors of 2092?
2, 523
What are the prime factors of 3052?
2, 7, 109
List the prime factors of 11637.
3, 431
List the prime factors of 1550.
2, 5, 31
List the prime factors of 5283.
3, 587
List the prime factors of 34190.
2, 5, 13, 263
What are the prime factors of 1404?
2, 3, 13
List the prime factors of 5244.
2, 3, 19, 23
List the prime factors of 1871.
1871
List the prime factors of 4667.
13, 359
List the prime factors of 13567.
13567
What are the prime factors of 2606?
2, 1303
List the prime factors of 10041.
3, 3347
What are the prime factors of 9533?
9533
What are the prime factors of 6086?
2, 17, 179
What are the prime factors of 1477?
7, 211
What are the prime factors of 53019?
3, 43, 137
List the prime factors of 853.
853
List the prime factors of 1426.
2, 23, 31
What are the prime factors of 5234?
2, 2617
What are the prime factors of 5803?
7, 829
What are the prime factors of 2161?
2161
What are the prime factors of 2713?
2713
List the prime factors of 14982.
2, 3, 11, 227
List the prime factors of 159.
3, 53
List the prime factors of 56891.
56891
List the prime factors of 655.
5, 131
List the prime factors of 32414.
2, 19, 853
List the prime factors of 1881.
3, 11, 19
What are the prime factors of 629?
17, 37
What are the prime factors of 1350?
2, 3, 5
What are the prime factors of 20325?
3, 5, 271
What are the prime factors of 1455?
3, 5, 97
List the prime factors of 17505.
3, 5, 389
List the prime factors of 36179.
11, 13, 23
What are the prime factors of 2252?
2, 563
What are the prime factors of 5007?
3, 1669
What are the prime factors of 76329?
3, 11, 257
What are the prime factors of 42802?
2, 21401
List the prime factors of 48962.
2, 24481
List the prime factors of 26775.
3, 5, 7, 17
What are the prime factors of 1322?
2, 661
What are the prime factors of 7528?
2, 941
What are the prime factors of 19125?
3, 5, 17
What are the prime factors of 32081?
7, 4583
List the prime factors of 39667.
39667
What are the prime factors of 5495?
5, 7, 157
List the prime factors of 319.
11, 29
List the prime factors of 16581.
3, 5527
List the prime factors of 412.
2, 103
What are the prime factors of 109871?
17, 23, 281
List the prime factors of 5243.
7, 107
What are the prime factors of 299?
13, 23
What are the prime factors of 428?
2, 107
What are the prime factors of 1517?
37, 41
List the prime factors of 107793.
3, 7, 29, 59
What are the prime factors of 1278?
2, 3, 71
List the prime factors of 33008.
2, 2063
List the prime factors of 9453.
3, 23, 137
List the prime factors of 831.
3, 277
What are the prime factors of 7493?
59, 127
What are the prime factors of 70831?
193, 367
List the prime factors of 6522.
2, 3, 1087
What are the prime factors of 1232?
2, 7, 11
List the prime factors of 3601.
13, 277
List the prime factors of 17815.
5, 7, 509
List the prime factors of 1365.
3, 5, 7, 13
What are the prime factors of 205?
5, 41
What are the prime factors of 416?
2, 13
What are the prime factors of 3029?
13, 233
List the prime factors of 23563.
23563
List the prime factors of 901.
17, 53
What are the prime factors of 12563?
17, 739
What are the pri